se -13*g + 18*g + 3*d = 35, 2*g + v*d = 0. Calculate the greatest common factor of 8 and g.
2
Let o(s) = -2*s**2 - 4*s + 5*s**2 + s + 31 - s**2. Let w be o(4). Let c be 3*(13 + -2) + 1. What is the greatest common factor of w and c?
17
Suppose 4*j + 743 = 3*y, 5*y = -j + y - 162. Let d = j + 642. What is the highest common divisor of d and 60?
20
Suppose -10*l + 6 = -7*l, 4*m - l = 394. Let t(g) = -2*g**3 + 12*g - 5*g**2 - 2 + g**3 - 3*g. Let i be t(-7). Calculate the highest common divisor of i and m.
33
Suppose -6*s - 16 - 20 = 0. Let u be 22/(-132) + (-13)/s. Suppose -27 = -5*k + u*h + 51, -4*k + 4*h + 60 = 0. Calculate the greatest common factor of k and 64.
16
Suppose -d - d = 20. Suppose 4*q + 42 - 50 = 0. Let p be d/4 + 1 + 59/q. What is the greatest common factor of p and 70?
14
Suppose -304 = -5*k + 191. Suppose a + k = 3*j, -61 = 8*j - 10*j - a. Calculate the highest common factor of 160 and j.
32
Suppose 163 = 2*j + 5*h, 0 = -j - 28*h + 29*h + 85. Let w = -170 + 317. What is the highest common divisor of w and j?
21
Let d be (12 - (-1365)/(-14))/(6/(-4)). Let f(c) = c + 3. Let v = -5 - -5. Let k be f(v). Calculate the highest common divisor of d and k.
3
Let u(d) = 123*d - 291. Let n be u(22). Calculate the highest common factor of 945 and n.
105
Let k = 16684 + -9288. What is the greatest common divisor of k and 172?
172
Suppose 5*m = 4*l + 2 - 3, -2*l = 2*m + 4. Let p be 81 - (0/(3 - l) + 0). Calculate the greatest common factor of 27 and p.
27
Let h = 24077 - 19041. Calculate the greatest common divisor of 4 and h.
4
Let v be ((1744 + 2)/(-6))/((-3)/2). Let t = v - 105. Suppose -5*l = t - 134. Calculate the greatest common divisor of l and 27.
9
Let g(w) = 3*w + 10. Let j be g(-4). Let u(h) = -7*h - 2. Let b be u(j). Let n be (-4)/(-14) + 3818/161. What is the highest common divisor of b and n?
12
Let l(q) = 45*q**2 - 264*q + 2. Let f be l(6). Let i be 14/49 + 264/7. What is the greatest common divisor of f and i?
38
Suppose -24 = 4*g, f - 5*g + g - 1384 = 0. Calculate the highest common divisor of 30 and f.
10
Suppose 4*s = -5*n + 30, 5*s + 3*n - 11 = 33. Let m = 565 - 316. Let h = m - 99. Calculate the greatest common factor of h and s.
10
Let c(t) = 107*t**2 + 76*t - 8. Let a be c(-4). What is the greatest common factor of 40 and a?
40
Let u = 4174 - 4305. Let w(n) = -n + 139. Let i be w(0). Let h = i + u. Calculate the greatest common divisor of 72 and h.
8
Suppose 1029108 = 101*c + 96*c - 98717. Calculate the highest common divisor of 10 and c.
5
Let h be 16/(-3)*60/(-16). Suppose -14*n + 75 = n. Suppose 2*r + 3*w - 63 = 72, 325 = n*r + 5*w. Calculate the greatest common factor of h and r.
20
Let h(b) = -b**3 + 9*b**2 - 14*b. Let c be h(7). Suppose 3*d + 2*f - 506 = c, 0 = d + 28*f - 25*f - 171. Calculate the greatest common divisor of 105 and d.
21
Let w(o) = o**2 - 23*o - 12. Let g be w(24). Let r be (-8)/48 + (-10)/g*7. Let s be ((-63)/6)/7*r. Calculate the greatest common factor of 3 and s.
3
Suppose -1363 = 4*i - 1475. Calculate the greatest common divisor of i and 1148.
28
Suppose 0 = -2*s - 417 + 633. Let z(a) = -a**2 - 27*a - 66. Let v be z(-21). What is the highest common factor of v and s?
12
Let d be -2 - 1017/(-11) - (-14)/(-231)*-9. Calculate the greatest common factor of 351 and d.
13
Suppose 12*p + 200 = -4. Let t = p - -21. Let l = -6 + 10. Calculate the greatest common divisor of l and t.
4
Let h(z) be the third derivative of 3*z**5/20 + z**4/3 + 100*z**2 - 1. Let a be h(-4). What is the highest common divisor of a and 7?
7
Let v = -16570 + 24795. What is the highest common divisor of 658 and v?
329
Let a be -1 + 253 + 1/1. Let m be 3/8 + 5*18/(-240). Suppose 0 = -j + 5*y + 8, 5*j + 4*y - 66 - 61 = m. What is the highest common factor of a and j?
23
Let r(k) = 5*k**2 + 30*k + 156. Let g(f) = 6*f**2 + 31*f + 156. Let z(o) = -4*g(o) + 5*r(o). Let c be z(-20). What is the greatest common factor of 4 and c?
4
Let x be 18/(-81) + 472/18. Suppose 0 = 3*g - g - r - x, -4*r = -3*g + 34. Let p be (10/4)/((-1)/(-28)). Calculate the highest common factor of p and g.
14
Let h be (6 - 3 - 2)*7*6. Let m = -40 - -31. Let k = 15 + m. Calculate the highest common divisor of h and k.
6
Suppose 10*s = 9*s + 1. Suppose -3*g - 5*h = -19, 0*g = 3*g - 5*h + 1. Let d be (-108)/(-10)*(s/g - -3). What is the greatest common factor of 144 and d?
36
Suppose 2*j + 3*h + 173 = 3*j, h - 189 = -j. Let t = -39 - -35. Let i(x) = -29*x - 42. Let m be i(t). What is the greatest common divisor of m and j?
37
Suppose -g + 12*g - 143 = 0. Suppose -g*w = w - 504. What is the highest common factor of 288 and w?
36
Suppose -2*f = t - 499, -3*f + 402 + 343 = 5*t. Calculate the highest common factor of f and 1850.
50
Suppose 3*w = -6, 1352 = 6*i - i - w. Calculate the greatest common divisor of 72 and i.
18
Let s(z) = 3*z**2 - 424*z - 2592. Let f be s(-6). Let x(l) = 155*l**2 + l. Let a be x(1). Calculate the greatest common factor of a and f.
12
Suppose -202730 + 56688 = -26*s. Calculate the greatest common factor of 274 and s.
137
Suppose -5*q + 4*q + 492 = 0. Suppose z + z = -2*l + q, 6*z + 6 = 0. What is the greatest common factor of l and 13?
13
Suppose -42 - 48 = -5*u. Suppose 0 = 7*i + 1810 - 7291. Let b = i + -585. Calculate the highest common factor of u and b.
18
Let j(a) = 14*a**2 + 48*a + 202. Let c be j(-13). What is the greatest common factor of 4 and c?
4
Let x(v) be the first derivative of 2*v**3/3 + 13*v**2/2 - 16*v + 10. Let s be x(-13). Let j = 62 + -45. Calculate the greatest common factor of j and s.
17
Suppose -2*i + 4*z - 267 = -311, z = -i + 4. What is the greatest common factor of 16 and i?
2
Suppose -15*j - 4*j = -15200. Suppose 3*z - j = -4*h, -z + 12*h - 7*h + 254 = 0. Calculate the highest common factor of 24 and z.
24
Let c be (-5 - (5 + 489/12))*(0 + -12). Calculate the highest common factor of c and 6.
3
Suppose 0 = -5*a - 2*b + 153, -b - 122 = -4*a - 3*b. Let o = -2519 - -2674. What is the highest common factor of o and a?
31
Suppose 32*i - 1125 = 1179. Calculate the highest common factor of i and 1692.
36
Suppose -39*k - 140909 - 32143 = -267*k. Calculate the greatest common factor of k and 2783.
253
Let v(c) = 2*c**2 - 84*c - 885. Let f be v(67). Calculate the highest common divisor of f and 85.
85
Let w(i) = -2005*i**2 + 1 + 2 + 2*i + 2082*i**2. Let o be w(-1). What is the highest common factor of o and 130?
26
Let b(v) = -6*v + 41. Let p be b(6). Let f be p*46/(-4)*2. Let o be (-297)/(-6)*(-5 - f/15). What is the highest common factor of 33 and o?
33
Let a be 1 + -3 - (-13 + 5). Let r be (-1 + 96)/(3/a). Let g be 8*(630/56)/9. Calculate the greatest common divisor of g and r.
10
Let b be (1/(-6)*4)/(10/(-285)). Suppose 5 = z - w - 0*w, -5*z + 2*w = -b. Calculate the highest common divisor of 21 and z.
3
Suppose 118*c - 1342470 = 592966. What is the highest common divisor of 118 and c?
118
Let r be (-3312)/(-384) - 6/(-16). Calculate the highest common divisor of 2439 and r.
9
Let f(l) = -l**2 - 101*l - 1619. Let i be f(-23). What is the greatest common factor of i and 1300?
25
Suppose 87*o + 148 + 6873 = 99850. Calculate the highest common divisor of 11 and o.
11
Let x(w) = w**2 + 4*w - 8. Let q be x(-6). Suppose -3*s = -4*z + 405, -3*s + 330 = -z + q*z. Calculate the greatest common factor of 63 and z.
21
Suppose 0 = 5*v - 25, -x + v = -0*v + 3. Let r be -3 - (273/(-2) - x/(-4)). Suppose 0 = q + 18 - r. What is the greatest common factor of 46 and q?
23
Let q(d) = -2*d**2 - 167*d - 201. Let g be q(-82). What is the greatest common divisor of g and 21?
3
Suppose 264*s + 41*s - 79488 = 29*s. Calculate the greatest common divisor of 2988 and s.
36
Let f be -1 - 1 - (-9 - -2). Let q(a) = -2*a**2 + 17*a + 15. Let b be q(12). Let c be (-1)/1 - (-8)/(-12)*b. Calculate the highest common factor of c and f.
5
Let g = 292 - 298. Let i be (-66)/g + -6 - -35. What is the highest common divisor of i and 130?
10
Let s(l) = 4*l**2 - 4*l**2 + 2*l**2 - 33 + 0*l - 7*l. Let k be s(11). What is the greatest common divisor of k and 44?
44
Let y be 47*(-1 - (-2 + 0)). Let u(r) = 41*r**2 + 22*r - 20. Let a be u(1). Let k = a + y. Calculate the greatest common divisor of k and 18.
18
Let g(p) = 2*p**2 + 40*p + 209. Let v be g(-13). 